me factors of b.
2, 3, 5
Let r(u) = u**3 + 6*u**2 - 5*u - 1. Let f be r(-6). Let z = 0 - -3. Suppose 1 + f = z*c. List the prime factors of c.
2, 5
Let m(u) = 4*u + 4 + 2*u**2 + 0*u - 4*u. What are the prime factors of m(-4)?
2, 3
Suppose -5*w = 5*u, 4*w = -2*u + 3*w + 1. Suppose 2*y - u = 2*n - y, 0 = -n + 4*y - 3. What are the prime factors of -2*n + 12/1?
2, 5
Suppose -n - 8 - 1 = 0. Let h = 6 - n. List the prime factors of h.
3, 5
Let w be ((-6)/5)/(-2)*85. Suppose 3*l = 3*n - w, 0 = -4*n + 3*l - 21 + 92. List the prime factors of n.
2, 5
Let p(y) = y + 1. Let k be 8/(((-10)/3)/(-5)). Let r be p(k). Suppose -5*i - 3*s = -i - 31, 2*i + s = r. What are the prime factors of i?
2
Let z be (-3)/(-4) - (-17)/4. Let t(w) = w**2 - 4*w + 5. Let x be t(z). Suppose -4*m + 3*m = -4*u + 34, 0 = -5*m + x. What are the prime factors of u?
3
Let z = 76 - 2. List the prime factors of z.
2, 37
Suppose 2*l = -4*r + 6, 5*l + 0 = -2*r - 1. Let t be (-3)/(-6) + 1/r. What are the prime factors of 1 + (27/3 - t)?
3
Suppose 0 = -2*z + 10 + 32. What are the prime factors of z?
3, 7
Let w = -64 - -106. Suppose -4*g + w + 6 = 0. List the prime factors of g.
2, 3
Let p(r) = 11*r**2 - 4*r. List the prime factors of p(2).
2, 3
Let x = 4 - 4. Suppose x*f = -4*f + 120. Let i = f - 18. List the prime factors of i.
2, 3
Suppose -25 = -h + 13. List the prime factors of h.
2, 19
List the prime factors of (-94)/(-4)*-2*2/(-1).
2, 47
List the prime factors of 10 + 54 + 4/2.
2, 3, 11
What are the prime factors of (-1)/(1/2) + (160 - -26)?
2, 23
Suppose -12 = z - 2*m - 71, -3*z = 2*m - 201. Let p = z - 40. List the prime factors of p.
5
Suppose -3*i + 653 = 5*m, -2*i + i + 227 = 4*m. What are the prime factors of i?
211
Let d = -3 + 6. Suppose -5 = -5*r, 0*v + 4 = v - d*r. What are the prime factors of v?
7
List the prime factors of ((-579)/1)/((243/(-18))/9).
2, 193
Suppose -16 = -2*p + 2*v, 4*v - 2 + 6 = -3*p. Suppose 0 = -3*r - 5*q + 169, -r - 119 = -p*r + 5*q. List the prime factors of r.
2, 3
Suppose 34 = 5*p - 41. Suppose -q = -4*l - 0*l + p, -q = l - 5. What are the prime factors of l?
2
Let g(f) be the third derivative of f**4/6 + f**3/2 + 2*f**2. Let y be g(-9). Let l = 54 + y. List the prime factors of l.
3, 7
Suppose -b = 5*j + 8, -3*j + 2 = -2*b + 6*b. Let l be (3/j)/((-1)/2). Suppose -28 = -l*h - h. What are the prime factors of h?
7
Let b = -1 - -1. Suppose 4*n + 4*x = 3*x, -n + 5*x = b. Let h(w) = -w + 3. List the prime factors of h(n).
3
Let b = 3 - 1. Suppose 4*y = d + 64, 4*y = -5*d - 4 + 68. Suppose 14 = 2*s - f, b*f + y = 4*s + 6*f. List the prime factors of s.
2, 3
Let d(o) be the third derivative of 5/12*o**4 - 3*o**2 + o**3 - 1/60*o**5 + 0*o + 0. What are the prime factors of d(10)?
2, 3
Suppose 5*m - 67 = g - 173, 3*g - 264 = -3*m. What are the prime factors of g?
7, 13
Suppose 9*l - 4*l = 510. What are the prime factors of l?
2, 3, 17
Suppose -3*j - 3*t + 44 = -79, 3*t = -2*j + 83. List the prime factors of j.
2, 5
Suppose 0 = 2*u - 2. Let v be 15 + 8 + (u - 1). Suppose o - v = -g, -39 = -0*o - o - 5*g. List the prime factors of o.
19
Let h(x) = -x**2 - 14*x - 15. Let t be 3 + 2 + -18 - -3. What are the prime factors of h(t)?
5
Let p = 9 + -11. Let g(s) = -1 - 4*s - 1 + 1. What are the prime factors of g(p)?
7
Suppose -6*k + 5*k = -96. List the prime factors of k.
2, 3
Suppose 3*o + 0*z = 3*z + 162, -4*o + 218 = -3*z. List the prime factors of o.
2, 7
What are the prime factors of (-13)/(-5) - (-8)/20?
3
Let i = -10 + 17. Suppose -b + i = -9. What are the prime factors of b?
2
Let z = 10 + -18. Let x be 1/4 + 194/z. Let b = x + 40. List the prime factors of b.
2
Suppose u - 9 = -0*u. Let r(b) = -b**2 + 12*b - 8. What are the prime factors of r(u)?
19
Let b be (0 - 3/6)*0. Suppose b = -3*o + 2*o + 4. List the prime factors of o.
2
Let v = 30 + 36. List the prime factors of v.
2, 3, 11
Let i(j) = j + 1. Let v be i(4). Suppose 2*a - 3*q - 16 = a, 29 = v*a + 2*q. What are the prime factors of a?
7
Suppose -579 - 93 = -4*u. List the prime factors of u.
2, 3, 7
Let h(w) = -w - 3. Suppose -4*u - 3*k = 5, 0 = -3*u - 0*u + 2*k + 9. Let p be -5 - 1 - (-1)/u. List the prime factors of h(p).
2
List the prime factors of (-1 - 0)*-1 + 29.
2, 3, 5
Let a be 5 - (-3*2)/(-3). Suppose -4*f + y = -3*y - 36, -a*y = -4*f + 36. What are the prime factors of f?
3
Let z(u) = -2*u + 2. What are the prime factors of z(-4)?
2, 5
Suppose 116 - 29 = -3*a - 3*h, -a - 4 = -4*h. Let g = 8 - a. What are the prime factors of g?
2
Suppose 10 = -5*g - 0*g. Let j = g + 5. List the prime factors of 2/j + 32/6.
2, 3
Let w be -4 - -1 - 2/(-1). What are the prime factors of (-13 - (1 + -1))*w?
13
Suppose -g = -5*g + 28. Let r = g - 6. Let c(k) = 4*k - 1. What are the prime factors of c(r)?
3
Let w = 290 + -174. List the prime factors of w.
2, 29
Suppose 2*z = 4*z - 2. Let i = 2 + -3. Let k = z - i. List the prime factors of k.
2
Let m(l) = -l**3 - 9*l**2 - 12*l - 10. Let o be m(-8). Suppose 0*q = -q - 4*j - 7, -2*q + j = -o. List the prime factors of q.
3
Suppose -f + 5*k = 0, 0 = f + 4*k - 41 + 5. What are the prime factors of f?
2, 5
Let d(m) = m**2 + 2*m - 2. Suppose 3*j + 21 = 5*s - 9, 0 = -3*j + 4*s - 27. What are the prime factors of d(j)?
13
Let w(a) be the first derivative of a**2 + a - 2. List the prime factors of w(6).
13
Let z(a) = -4*a - 5. List the prime factors of z(-8).
3
Let t(u) = 2*u**3 - u**2 + 2. List the prime factors of t(2).
2, 7
Let o be ((2 - 4) + 0)*-23. Suppose -m - 4 = -2*m. What are the prime factors of o/2*(5 - m)?
23
Let i(d) = -d**3 - 11*d**2 - 3*d + 20. List the prime factors of i(-11).
53
Let o(b) = -9*b**2 + 2*b**2 + 7*b + 9 + 6*b**2. Let v be o(8). List the prime factors of v/(1*(-1)/(-2)).
2
Suppose 11 = -v + 30. Let u = v + -14. What are the prime factors of u?
5
Let g = 84 + -59. List the prime factors of g.
5
Suppose -i - 4*r - 1 = 0, 5*i + 5*r + 5 = -0. What are the prime factors of (-6)/(i + -1) + 2?
5
Let s(z) = 3 + 5*z + 0*z**2 + 2*z**2 - z. Let g be s(-2). Suppose 5*a = v + 16, g*a - a = -2*v + 28. What are the prime factors of v?
3
Let b be (-14)/(-4) + 2/(-4). List the prime factors of -2*(63/(-6))/b.
7
Suppose -2*q + 3*k = 14, -4*k = q - 3*k - 3. Let j = q - -11. What are the prime factors of j?
2, 5
Let m(d) = 5*d**2 - d. Let i be m(1). Let v(c) = c**2 - c - 3. What are the prime factors of v(i)?
3
Let g(p) = -p**3 + 8*p**2 + 21*p - 10. Let u be g(10). Suppose u*o - 147 = -3*o. What are the prime factors of o?
7
Let u = -14 - -330. What are the prime factors of u?
2, 79
Let o(x) = x**3 - 5*x**2 + 2*x - 1. Let d be (2 - -1)/(2 - 1). Let m be o(d). List the prime factors of (-2)/4*(m - -1).
2, 3
Suppose 196 = 4*d - 5*x, 0 = x + 4. What are the prime factors of d?
2, 11
Let a(x) = -2*x**2 - 4. Let n be a(2). Let d = 32 + n. What are the prime factors of d?
2, 5
Let s = -1 + 15. Let f be ((-6)/(-8))/((-6)/(-48)). Suppose 0 = j + 3*d - s, d + f = j - 4. List the prime factors of j.
11
Let j(f) = -f**2 - 13*f - 3. Let u be j(-11). List the prime factors of (-1 - (-2)/1)*u.
19
Let a = 16 - -46. Let c = 41 - a. List the prime factors of c/(-6)*12/21.
2
List the prime factors of (66/11)/((-2)/(-19)).
3, 19
Suppose -10*a + 13*a - 153 = 0. What are the prime factors of a?
3, 17
Let j(n) = -n - 1. Let l be j(-3). Let i be l/(3*4/(-18)). Let q(g) = -g**3 - 3*g**2 - 2*g + 3. List the prime factors of q(i).
3
Suppose 7*o - 16 = 3*o. Suppose -4*c + 60 = 5*k - 32, o*c = 5*k + 132. Suppose m + c = 5*m. List the prime factors of m.
7
Let q(b) = -b**3 + 5*b**2 + 9*b - 3. Let f be 38/6 + (-8)/24. List the prime factors of q(f).
3, 5
Suppose 4*m - 28 = -8. Suppose 0*j = m*j - 10. What are the prime factors of j?
2
Suppose -p = 3*p + 5*r - 255, -3*p = -5*r - 235. What are the prime factors of p?
2, 5, 7
Let i(t) = t - 2. Let n be i(4). Suppose 3*p - 70 = -n*p. What are the prime factors of p?
2, 7
Let f(c) = -c**3 + 5*c**2 + c + 7. Let v be f(5). Let t = v + -6. What are the prime factors of t?
2, 3
Let o = 65 - 35. Suppose 4*q - o = -10. List the prime factors of q.
5
Suppose -4*h + h + 12 = 0. Suppose -3*x + h = -20. List the prime factors of x.
2
Let j = 44 - 4. List the prime factors of j.
2, 5
Let n(f) = -f**2 + 14*f - 5. What are the prime factors of n(10)?
5,